ulate u(-14).
-41
Let j(q) = -13*q**3 + q**2 - 2*q + 1. What is j(1)?
-13
Let s(o) = -o**3 - 23*o**2 + 45*o - 126. What is s(-25)?
-1
Let b(m) = -m**3 + 11*m**2 + 6*m - 70. What is b(11)?
-4
Let u(g) = 2*g + 2. What is u(-3)?
-4
Let u(l) = -2*l**3 + 2*l**2 + 3. What is u(2)?
-5
Let r(s) = -3*s. Determine r(-1).
3
Let i(p) = -p**3 - 8*p**2 - 6*p + 9. Calculate i(-7).
2
Let u(n) = n - 37. Determine u(31).
-6
Let z(r) = -3*r**2 + 4*r + 18. Determine z(3).
3
Let j(n) = -n**3 - 2*n**2 - n + 53. Give j(0).
53
Let a(f) = -f**3 + f**2 - 17*f + 37. Calculate a(2).
-1
Let t(y) = -72*y + 2. Give t(-1).
74
Let n(u) = u + 42. What is n(0)?
42
Let v(q) = -q + 8. Give v(27).
-19
Let x(l) = 2*l - 6. Calculate x(3).
0
Let r(d) = d**3 - 2*d**2 + 5. Give r(2).
5
Let x(b) = -2*b - 13. Determine x(-2).
-9
Let p(k) = 2*k - 7. Calculate p(11).
15
Let c(d) = 11*d - 18. Give c(-2).
-40
Let l(j) = 7*j + 9. Give l(-5).
-26
Let m(q) = q**2 + 5*q + 3. Give m(-5).
3
Let x(s) = -10*s - 2. Calculate x(-1).
8
Let l(h) = 3*h**2 - h + 2. Calculate l(-2).
16
Let s(o) = o**2 + 11*o - 104. Determine s(-17).
-2
Let c(r) = -2*r**2 - 15*r - 11. Calculate c(-7).
-4
Let c(p) = -p**3 + 5*p**2 + 51*p - 259. Give c(7).
0
Let h(q) = 13*q**2 - 6*q - 3. Give h(-1).
16
Let d(j) = 3*j + 5. Give d(-3).
-4
Let k(m) = 30*m + 15. What is k(-3)?
-75
Let z(f) = f**2 - 9*f - 18. Give z(9).
-18
Let h(r) = -r**3 + 6*r**2 + 7*r - 6. Give h(6).
36
Let z(n) = -4*n + 27. Calculate z(8).
-5
Let l(g) = g**3 + 7*g**2 + 2*g - 2. Give l(-7).
-16
Let f(c) = c**2 + 3*c + 16. Calculate f(7).
86
Let n(z) = -12*z - 72. What is n(-6)?
0
Let o(c) = 8*c**2 - 2*c - 3. Give o(-2).
33
Let k(n) = 2*n**3 - 5*n**2 + 2*n + 6. What is k(2)?
6
Let r(w) = -w**3 + w + 1. Determine r(0).
1
Let q(k) = k**2 - 3*k - 8. Give q(4).
-4
Let m(v) = -v**3 + 6*v**2 - 8*v + 8. Calculate m(5).
-7
Let c(q) = -q**3 - q. Give c(1).
-2
Let g(q) = q**3 - 6*q**2 - 3*q + 1. Calculate g(6).
-17
Let w(i) = 40*i**2 + 3*i - 8. Determine w(2).
158
Let b(k) = k**2 + 4*k + 29. What is b(-12)?
125
Let d(a) = a**3 - 10*a**2 + 10*a - 5. What is d(9)?
4
Let h(z) = -5*z**2 - z + 4. Calculate h(-2).
-14
Let p(m) = m**3 - m**2 + 2. Calculate p(5).
102
Let z(g) = -3*g + 4. What is z(-7)?
25
Let o(p) = -27*p + 193. Calculate o(7).
4
Let q(n) = -11*n + 28. What is q(7)?
-49
Let h(o) = -7*o + 20. Calculate h(0).
20
Let o(a) = -7*a**2 + 43*a - 12. Give o(5).
28
Let h(v) = 7*v**2 - v - 6. Calculate h(5).
164
Let i(s) = -9*s + 4. Calculate i(3).
-23
Let n(i) = 14*i - 51. Give n(5).
19
Let b(h) = h**2 + 73*h + 730. Give b(-61).
-2
Let h(m) = -m**3 + 19*m**2 + 4*m - 35. Determine h(19).
41
Let f(u) = u**3 + 20*u**2 + 95*u - 13. Give f(-12).
-1
Let m(q) = -3*q**2 - 47*q + 75. Give m(-17).
7
Let r(l) = 20*l + 97. What is r(-4)?
17
Let x(v) = -14*v - 24. What is x(0)?
-24
Let k(v) = v**3 - v**2 - v + 2. What is k(3)?
17
Let w(a) = -11*a**2 + a + 1. Give w(-1).
-11
Let y(r) = 2*r**2 - 82*r + 90. Give y(40).
10
Let b(f) = -7*f**3 - f**2 - 3*f + 3. Give b(1).
-8
Let u(q) = q**3 + 2*q**2 - 3*q - 4. Determine u(-3).
-4
Let d(n) = 8*n - 10. What is d(-5)?
-50
Let h(a) = -a**3 + 4*a**2 + a - 5. Give h(4).
-1
Let o(z) = 30*z + 126. Give o(-7).
-84
Let z(x) = x**2 + 2*x - 1. What is z(1)?
2
Let h(l) = l**3 + 2*l**2 + 4*l + 2. Calculate h(-2).
-6
Let z(p) = -p**3 - 16*p**2 + 59*p + 34. Determine z(-19).
-4
Let p(g) = g**3 - 3*g**2 - 10*g - 12. What is p(5)?
-12
Let s(f) = f + 14. Calculate s(-10).
4
Let p(t) = -t - 9. What is p(-9)?
0
Let k(n) = 68*n + 11. What is k(-2)?
-125
Let c(d) = d**3 - 7*d**2 - 4*d - 60. Determine c(8).
-28
Let w(m) = m**3 + 3*m**2 + 3*m - 2. Determine w(-3).
-11
Let l(j) = -j**3 + 8*j**2 + j + 3. Calculate l(8).
11
Let x(l) = 2*l**2 - 8*l - 4. Determine x(6).
20
Let w(j) = -j**2 + 32*j - 32. What is w(31)?
-1
Let s(j) = j**3 + 15*j**2 - 15*j + 14. Determine s(-16).
-2
Let g(s) = s**3 - 49. What is g(0)?
-49
Let a(q) = 37*q**2 - 2*q. Give a(1).
35
Let v(r) = 4*r - 214. What is v(50)?
-14
Let w(m) = -7*m**3 - 3*m**2 + m + 1. Give w(1).
-8
Let f(s) = s**3 - 3*s**2 - 2*s + 1. Give f(3).
-5
Let s(v) = -v**3 + 10*v**2 + v - 2. What is s(10)?
8
Let f(c) = c**3 - 25*c**2 + 26*c - 47. Calculate f(24).
1
Let r(q) = -7*q - 357. Determine r(-50).
-7
Let k(h) = 6*h**2 - 145*h + 22. Determine k(24).
-2
Let j(i) = -3*i + 15. Calculate j(5).
0
Let v(t) = -t**2 - 3*t. Determine v(-2).
2
Let h(x) = -12*x + 4. Give h(1).
-8
Let a(l) = -l**3 + 2*l**2 + 2*l - 1. What is a(2)?
3
Let m(b) = -b**3 + 10*b**2 - 2. Determine m(10).
-2
Let j(i) = i**2 + 9*i - 7. Determine j(2).
15
Let m(q) = -q**3 - 11*q**2 + 12*q - 3. What is m(-12)?
-3
Let y(g) = -8*g + 110. Determine y(15).
-10
Let c(b) = b**3 - 34*b**2 + 36*b - 138. Determine c(33).
-39
Let l(k) = -k**3 - 6*k**2 - 8*k - 14. Give l(-5).
1
Let w(j) = -j**3 - 3*j + 4. What is w(3)?
-32
Let n(z) = -35*z + 587. What is n(17)?
-8
Let b(v) = -v**3 + 8*v**2 + 17*v - 65. What is b(9)?
7
Let z(h) = -h**2 - h + 2. What is z(3)?
-10
Let b(h) = -h**2 - 12*h + 27. What is b(-14)?
-1
Let m(q) = -q + 4. Determine m(10).
-6
Let b(d) = d**2 + 7*d - 4. Give b(-8).
4
Let j(u) = 8*u + 1. Give j(6).
49
Let x(s) = -s**3 + 12*s**2 - 33*s - 9. Determine x(7).
5
Let l(i) = -i**2 - i + 31. Give l(-5).
11
Let x(m) = -m**2 - 9*m - 14. Give x(-8).
-6
Let v(o) = -4*o - 4. Calculate v(6).
-28
Let c(b) = -b - 23. Determine c(-20).
-3
Let a(s) = -s**3 + 3*s**2 + 4*s - 2. Calculate a(6).
-86
Let b(n) = n**3 - n**2 - 13*n + 21. Determine b(3).
0
Let y(f) = f**3 + 4*f**2 - 6. Determine y(-3).
3
Let h(m) = m**3 - 5*m**2 - 4*m + 10. Give h(4).
-22
Let d(j) = j**2 + 9*j. Calculate d(-5).
-20
Let b(n) = n**3 - 2*n**2 - 6*n + 5. What is b(3)?
-4
Let k(j) = 7*j - 5. Determine k(5).
30
Let o(z) = -z**2 + z - 11. Give o(6).
-41
Let u(y) = -y - 2. Give u(6).
-8
Let w(p) = -8*p + 3. Determine w(1).
-5
Let c(r) = -12*r - 2. Determine c(-3).
34
Let y(h) = h**2 + 10*h - 26. Determine y(-12).
-2
Let v(d) = -5*d - 34. Give v(-8).
6
Let m(x) = 3*x**2 - 5*x - 3. What is m(-4)?
65
Let q(m) = -m**2 - 17*m - 15. Determine q(-16).
1
Let d(m) = m**2 + m + 9. Give d(0).
9
Let b(v) = 3*v**2 - 20*v + 7. Give b(9).
70
Let j(g) = 16*g + 213. Give j(-13).
5
Let z(q) = -6*q + 4. Determine z(4).
-20
Let c(x) = 21*x**2 - x - 1. Give c(-1).
21
Let k(q) = q**3 + 15*q**2 + 11*q + 6. Calculate k(-14).
48
Let m(b) = 3*b - 34. Determine m(12).
2
Let b(m) = -m**3 - 9*m**2 - 7*m + 5. Determine b(-8).
-3
Let x(l) = l**3 - 10. Calculate x(0).
-10
Let s(w) = w - 5. Determine s(-7).
-12
Let m(h) = h**3 + 5*h**2 + 12*h + 15. Calculate m(-3).
-3
Let w(y) = 2*y**3 - 2*y - 1. What is w(-1)?
-1
Let a(j) = -4*j**3 - j. Give a(-2).
34
Let q(b) = 2*b - 18. Give q(10).
2
Let u(c) = 7*c - 2. What is u(6)?
40
Let w(r) = -4*r**2 + r - 1. What is w(1)?
-4
Let b(u) = -u**3 - 3*u**2 - 14*u - 24. Calculate b(-2).
0
Let q(n) = -n**2 - 6*n + 3. What is q(-4)?
11
Let a(j) = -j**3 + 4*j - 3. Calculate a(2).
-3
Let i(t) = -t**3 + 10*t**2 + 10*t + 10. Calculate i(11).
-1
Let i(z) = z**2 + 6*z - 9. Give i(-8).
7
Let h(g) = g**3 - 28*g**2 + 27*g + 4. Calculate h(27).
4
Let n(y) = -2*y**2 - 13*y + 1. What is n(-7)?
-6
Let y(v) = 11*v**2 - 2*v - 2. Give y(-1).
11
Let w(a) = 3*a - 174. Calculate w(36).
-66
Let d(p) = -p**2 - 2*p + 13. What is d(-5)?
-2
Let j(d) = -d**2 + 18*d - 42. What is j(13)?
23
Let d(x) = x**2 - 2*x - 9. Calculate d(4).
-1
Let v(m) = -m**2 - m + 10. What is v(-3)?
4
Let q(k) = -k**3 - 33*k**2 - 37*k - 41. Determine q(-32).
119
Let j(v) = -v - 7. Determine j(0).
-7
Let q(n) = n - 72. Determine q(6).
-66
Let j(i) = 22*i**3 + 1. Determine j(-1).
-21
Let p(l) = l**3 - 7*l**2 + 11*l - 20. Determine p(5).
-15
Let q(g) = g**3 + 8*g**2 + 6*g - 10. Determine q(-7).
-3
Let u(c) = 2*c**2 - 23*c - 23. Determine u(11).
-34
Let h(n) = -n**2 - 86*n - 891. Calculate h(-74).
-3
Let o(i) = 2*i + 19. Give o(0).
19
Let r(k) = -k**2 + 32*k + 461. Give r(-11).
-12
Let x(b) = -b**3 + 2. Give x(-2).
10
Let f(h) = 70*h - 10. Calculate f(2).
130
Let w(i) = 173*i - 345. Give w(2).
1
Let c(v) = v**2 - 14*v - 12. Calculate c(15).
3
Let w(k) = -2*k**3 + 9*k**2 + 2*k - 6. Give w(4).
18
Let y(d) = -33*d + 31. Calculate y(-3).
130
Let k(w) = -w**2 - w + 9. Give k(4).
-11
Let a(k) = -k**2 - 22*k - 47. Give a(-20).
-7
Let q(p) = -p - 25. Give q(